{"id":2279,"date":"2023-08-22T14:22:55","date_gmt":"2023-08-22T14:22:55","guid":{"rendered":"https:\/\/web23.online\/inpreunah\/?page_id=2279"},"modified":"2025-04-25T22:52:29","modified_gmt":"2025-04-25T22:52:29","slug":"afiliacion","status":"publish","type":"page","link":"https:\/\/inpreunah.hn\/inpreunah\/afiliacion\/","title":{"rendered":"Afiliaci\u00f3n"},"content":{"rendered":"\t\t<div data-elementor-type=\"wp-page\" data-elementor-id=\"2279\" class=\"elementor elementor-2279\" data-elementor-settings=\"{&quot;ha_cmc_init_switcher&quot;:&quot;no&quot;}\" data-elementor-post-type=\"page\">\n\t\t\t\t\t\t<section class=\"has_eae_slider elementor-section elementor-top-section elementor-element elementor-element-48d7c19 elementor-hidden-desktop elementor-hidden-tablet elementor-hidden-mobile elementor-section-boxed elementor-section-height-default elementor-section-height-default\" data-eae-slider=\"65018\" data-id=\"48d7c19\" data-element_type=\"section\" data-e-type=\"section\" data-settings=\"{&quot;_ha_eqh_enable&quot;:false}\">\n\t\t\t\t\t\t<div class=\"elementor-container elementor-column-gap-default\">\n\t\t\t\t\t<div class=\"has_eae_slider elementor-column elementor-col-100 elementor-top-column elementor-element elementor-element-05052f2\" data-eae-slider=\"24852\" data-id=\"05052f2\" data-element_type=\"column\" data-e-type=\"column\">\n\t\t\t<div class=\"elementor-widget-wrap elementor-element-populated\">\n\t\t\t\t\t\t<div class=\"elementor-element elementor-element-4289332 animated-slow elementor-widget elementor-widget-heading\" data-id=\"4289332\" data-element_type=\"widget\" data-e-type=\"widget\" data-settings=\"{&quot;_animation&quot;:&quot;none&quot;,&quot;_animation_delay&quot;:200}\" data-widget_type=\"heading.default\">\n\t\t\t\t<div class=\"elementor-widget-container\">\n\t\t\t\t\t<h2 class=\"elementor-heading-title elementor-size-default\">Solicitud de Afiliaci\u00f3n<\/h2>\t\t\t\t<\/div>\n\t\t\t\t<\/div>\n\t\t\t\t<section class=\"has_eae_slider elementor-section elementor-inner-section elementor-element elementor-element-7fa42c2 elementor-section-boxed elementor-section-height-default elementor-section-height-default\" data-eae-slider=\"88345\" data-id=\"7fa42c2\" data-element_type=\"section\" data-e-type=\"section\" data-settings=\"{&quot;_ha_eqh_enable&quot;:false}\">\n\t\t\t\t\t\t<div class=\"elementor-container elementor-column-gap-default\">\n\t\t\t\t\t<div class=\"has_eae_slider elementor-column elementor-col-100 elementor-inner-column elementor-element elementor-element-46a6807\" data-eae-slider=\"45824\" data-id=\"46a6807\" data-element_type=\"column\" data-e-type=\"column\">\n\t\t\t<div class=\"elementor-widget-wrap elementor-element-populated\">\n\t\t\t\t\t\t<div class=\"elementor-element elementor-element-22cf013 elementor-widget elementor-widget-text-editor\" data-id=\"22cf013\" data-element_type=\"widget\" data-e-type=\"widget\" data-widget_type=\"text-editor.default\">\n\t\t\t\t<div class=\"elementor-widget-container\">\n\t\t\t\t\t\t\t\t\t<p>El Instituto de Previsi\u00f3n Social de los Empleados de la Universidad Nacional Aut\u00f3noma de Honduras (INPREUNAH) insta a sus participantes activos y pensionados a realizar el proceso de afiliaci\u00f3n o actualizaci\u00f3n de informaci\u00f3n realizando el siguiente proceso:<\/p><ol><li><em>Descarga el formulario de afiliaci\u00f3n (clic en el bot\u00f3n de abajo)<\/em><\/li><li><em>Completa la informaci\u00f3n indicada en el formulario de manera legible.<\/em><\/li><li><em>Presenta el formulario y la documentaci\u00f3n requerida en el Instituto.<\/em><\/li><\/ol><p><strong>Documentaci\u00f3n Requerida para Afiliaci\u00f3n o Actualizaci\u00f3n de Informaci\u00f3n<\/strong><\/p><ul><li>Copia de documento nacional de identificaci\u00f3n (DNI) o copia de certificaci\u00f3n de Acta de nacimiento.<\/li><li>Copia de carnet de residente (extranjeros).<\/li><li>Certificaci\u00f3n de acta de matrimonio o uni\u00f3n de hecho expedida por la autoridad competente (empleados casados, opcional).<\/li><li>Copia de documento nacional de identificaci\u00f3n (DNI) o copia de certificaci\u00f3n de acta de nacimiento del c\u00f3nyuge, hijos y padres.<\/li><\/ul><p><strong>Documentaci\u00f3n Requerida para Designaci\u00f3n de Beneficiarios<\/strong><\/p><ul><li>Copia de documento nacional de identificaci\u00f3n (DNI) o copia de certificaci\u00f3n de acta de nacimiento de los designados.<\/li><\/ul>\t\t\t\t\t\t\t\t<\/div>\n\t\t\t\t<\/div>\n\t\t\t\t<div class=\"elementor-element elementor-element-40f7993 elementor-widget elementor-widget-spacer\" data-id=\"40f7993\" data-element_type=\"widget\" data-e-type=\"widget\" data-widget_type=\"spacer.default\">\n\t\t\t\t<div class=\"elementor-widget-container\">\n\t\t\t\t\t\t\t<div class=\"elementor-spacer\">\n\t\t\t<div class=\"elementor-spacer-inner\"><\/div>\n\t\t<\/div>\n\t\t\t\t\t\t<\/div>\n\t\t\t\t<\/div>\n\t\t\t\t<div class=\"elementor-element elementor-element-b5e1add elementor-align-center elementor-widget elementor-widget-button\" data-id=\"b5e1add\" data-element_type=\"widget\" data-e-type=\"widget\" data-widget_type=\"button.default\">\n\t\t\t\t<div class=\"elementor-widget-container\">\n\t\t\t\t\t\t\t\t\t<div class=\"elementor-button-wrapper\">\n\t\t\t\t\t<a class=\"elementor-button elementor-button-link elementor-size-md\" href=\"https:\/\/inpreunah.hn\/inpreunah\/wp-content\/uploads\/2023\/12\/Formulario-GPS-01-AFILIACION.pdf\" download=\"\">\n\t\t\t\t\t\t<span class=\"elementor-button-content-wrapper\">\n\t\t\t\t\t\t\t\t\t<span class=\"elementor-button-text\">Descarga el Formulario de Afiliaci\u00f3n GPS-01<\/span>\n\t\t\t\t\t<\/span>\n\t\t\t\t\t<\/a>\n\t\t\t\t<\/div>\n\t\t\t\t\t\t\t\t<\/div>\n\t\t\t\t<\/div>\n\t\t\t\t\t<\/div>\n\t\t<\/div>\n\t\t\t\t\t<\/div>\n\t\t<\/section>\n\t\t\t\t\t<\/div>\n\t\t<\/div>\n\t\t\t\t\t<\/div>\n\t\t<\/section>\n\t\t\t\t<section class=\"has_eae_slider elementor-section elementor-top-section elementor-element elementor-element-465e61b6 elementor-section-content-bottom elementor-section-boxed elementor-section-height-default elementor-section-height-default\" data-eae-slider=\"10343\" data-id=\"465e61b6\" data-element_type=\"section\" data-e-type=\"section\" data-settings=\"{&quot;background_background&quot;:&quot;classic&quot;,&quot;_ha_eqh_enable&quot;:false}\">\n\t\t\t\t\t\t\t<div class=\"elementor-background-overlay\"><\/div>\n\t\t\t\t\t\t\t<div class=\"elementor-container elementor-column-gap-default\">\n\t\t\t\t\t<div class=\"has_eae_slider elementor-column elementor-col-100 elementor-top-column elementor-element elementor-element-70a07716\" data-eae-slider=\"76592\" data-id=\"70a07716\" data-element_type=\"column\" data-e-type=\"column\" data-settings=\"{&quot;background_background&quot;:&quot;classic&quot;}\">\n\t\t\t<div class=\"elementor-widget-wrap elementor-element-populated\">\n\t\t\t\t\t\t<section class=\"has_eae_slider elementor-section elementor-inner-section elementor-element elementor-element-298bde94 elementor-section-boxed elementor-section-height-default elementor-section-height-default\" data-eae-slider=\"47493\" data-id=\"298bde94\" data-element_type=\"section\" data-e-type=\"section\" data-settings=\"{&quot;_ha_eqh_enable&quot;:false}\">\n\t\t\t\t\t\t<div class=\"elementor-container elementor-column-gap-default\">\n\t\t\t\t\t<div class=\"has_eae_slider elementor-column elementor-col-100 elementor-inner-column elementor-element elementor-element-3bc4c0d6\" data-eae-slider=\"59956\" data-id=\"3bc4c0d6\" data-element_type=\"column\" data-e-type=\"column\">\n\t\t\t<div class=\"elementor-widget-wrap elementor-element-populated\">\n\t\t\t\t\t\t<div class=\"elementor-element elementor-element-7f24a9a4 elementor-widget elementor-widget-heading\" data-id=\"7f24a9a4\" data-element_type=\"widget\" data-e-type=\"widget\" data-widget_type=\"heading.default\">\n\t\t\t\t<div class=\"elementor-widget-container\">\n\t\t\t\t\t<h1 class=\"elementor-heading-title elementor-size-default\">\u00bfC\u00d3MO AFILIARTE AL INPREUNAH?<\/h1>\t\t\t\t<\/div>\n\t\t\t\t<\/div>\n\t\t\t\t\t<\/div>\n\t\t<\/div>\n\t\t\t\t\t<\/div>\n\t\t<\/section>\n\t\t\t\t<section class=\"has_eae_slider elementor-section elementor-inner-section elementor-element elementor-element-79e4b477 elementor-section-boxed elementor-section-height-default elementor-section-height-default\" data-eae-slider=\"11389\" data-id=\"79e4b477\" data-element_type=\"section\" data-e-type=\"section\" data-settings=\"{&quot;_ha_eqh_enable&quot;:false}\">\n\t\t\t\t\t\t<div class=\"elementor-container elementor-column-gap-default\">\n\t\t\t\t\t<div class=\"has_eae_slider elementor-column elementor-col-100 elementor-inner-column elementor-element elementor-element-178d1768\" data-eae-slider=\"10626\" data-id=\"178d1768\" data-element_type=\"column\" data-e-type=\"column\">\n\t\t\t<div class=\"elementor-widget-wrap elementor-element-populated\">\n\t\t\t\t\t\t<div class=\"elementor-element elementor-element-f723a81 elementor-widget elementor-widget-text-editor\" data-id=\"f723a81\" data-element_type=\"widget\" data-e-type=\"widget\" data-widget_type=\"text-editor.default\">\n\t\t\t\t<div class=\"elementor-widget-container\">\n\t\t\t\t\t\t\t\t\t<p class=\"\" data-start=\"61\" data-end=\"305\">El Instituto de Previsi\u00f3n Social de los Empleados de la Universidad Nacional Aut\u00f3noma de Honduras (INPREUNAH) invita a sus participantes activos y pensionados para que realicen el proceso de afiliaci\u00f3n o actualizaci\u00f3n de informaci\u00f3n.<\/p><p class=\"\" data-start=\"312\" data-end=\"488\">La afiliaci\u00f3n se efect\u00faa exclusivamente de manera presencial, por lo que se solicita presentarse en cualquiera de nuestras oficinas, portando la documentaci\u00f3n requerida.<\/p>\t\t\t\t\t\t\t\t<\/div>\n\t\t\t\t<\/div>\n\t\t\t\t\t<\/div>\n\t\t<\/div>\n\t\t\t\t\t<\/div>\n\t\t<\/section>\n\t\t\t\t<section class=\"has_eae_slider elementor-section elementor-inner-section elementor-element elementor-element-20034316 elementor-section-boxed elementor-section-height-default elementor-section-height-default\" data-eae-slider=\"9208\" data-id=\"20034316\" data-element_type=\"section\" data-e-type=\"section\" data-settings=\"{&quot;_ha_eqh_enable&quot;:false}\">\n\t\t\t\t\t\t<div class=\"elementor-container elementor-column-gap-default\">\n\t\t\t\t\t<div class=\"has_eae_slider elementor-column elementor-col-100 elementor-inner-column elementor-element elementor-element-7eb0dbef\" data-eae-slider=\"53569\" data-id=\"7eb0dbef\" data-element_type=\"column\" data-e-type=\"column\">\n\t\t\t<div class=\"elementor-widget-wrap elementor-element-populated\">\n\t\t\t\t\t\t<div class=\"elementor-element elementor-element-6361b051 elementor-widget elementor-widget-text-editor\" data-id=\"6361b051\" data-element_type=\"widget\" data-e-type=\"widget\" data-widget_type=\"text-editor.default\">\n\t\t\t\t<div class=\"elementor-widget-container\">\n\t\t\t\t\t\t\t\t\t<p><strong>Documentaci\u00f3n requerida para afiliaci\u00f3n o actualizaci\u00f3n de informaci\u00f3n:<\/strong><\/p>\t\t\t\t\t\t\t\t<\/div>\n\t\t\t\t<\/div>\n\t\t\t\t<div class=\"elementor-element elementor-element-5238736b elementor-widget elementor-widget-text-editor\" data-id=\"5238736b\" data-element_type=\"widget\" data-e-type=\"widget\" data-widget_type=\"text-editor.default\">\n\t\t\t\t<div class=\"elementor-widget-container\">\n\t\t\t\t\t\t\t\t\t<ul><li><span class=\"OYPEnA font-feature-liga-off font-feature-clig-off font-feature-calt-off text-decoration-none text-strikethrough-none\">Fotocopia de documento nacional de identificaci\u00f3n (DNI) o certificaci\u00f3n de acta de nacimiento.<\/span><\/li><li><span class=\"OYPEnA font-feature-liga-off font-feature-clig-off font-feature-calt-off text-decoration-none text-strikethrough-none\">Fotocopia de carn\u00e9 de residente (para extranjeros).<\/span><\/li><li><span class=\"OYPEnA font-feature-liga-off font-feature-clig-off font-feature-calt-off text-decoration-none text-strikethrough-none\">Fotocopia de documento nacional de identificaci\u00f3n (DNI) o certificaci\u00f3n de acta de nacimiento del c\u00f3nyuge, hijos y padres.<\/span><\/li><li><span class=\"OYPEnA font-feature-liga-off font-feature-clig-off font-feature-calt-off text-decoration-none text-strikethrough-none\">Certificaci\u00f3n de acta de matrimonio o uni\u00f3n de hecho (opcional).<\/span><\/li><\/ul>\t\t\t\t\t\t\t\t<\/div>\n\t\t\t\t<\/div>\n\t\t\t\t\t<\/div>\n\t\t<\/div>\n\t\t\t\t\t<\/div>\n\t\t<\/section>\n\t\t\t\t<section class=\"has_eae_slider elementor-section elementor-inner-section elementor-element elementor-element-616e4420 elementor-section-boxed elementor-section-height-default elementor-section-height-default\" data-eae-slider=\"1939\" data-id=\"616e4420\" data-element_type=\"section\" data-e-type=\"section\" data-settings=\"{&quot;_ha_eqh_enable&quot;:false}\">\n\t\t\t\t\t\t<div class=\"elementor-container elementor-column-gap-default\">\n\t\t\t\t\t<div class=\"has_eae_slider elementor-column elementor-col-100 elementor-inner-column elementor-element elementor-element-9744693\" data-eae-slider=\"18845\" data-id=\"9744693\" data-element_type=\"column\" data-e-type=\"column\">\n\t\t\t<div class=\"elementor-widget-wrap elementor-element-populated\">\n\t\t\t\t\t\t<div class=\"elementor-element elementor-element-1d6ebfc5 elementor-widget elementor-widget-text-editor\" data-id=\"1d6ebfc5\" data-element_type=\"widget\" data-e-type=\"widget\" data-widget_type=\"text-editor.default\">\n\t\t\t\t<div class=\"elementor-widget-container\">\n\t\t\t\t\t\t\t\t\t<p><strong>Documentaci\u00f3n requerida para designaci\u00f3n de beneficiarios:<\/strong><\/p>\t\t\t\t\t\t\t\t<\/div>\n\t\t\t\t<\/div>\n\t\t\t\t<div class=\"elementor-element elementor-element-248c1f6f elementor-widget elementor-widget-text-editor\" data-id=\"248c1f6f\" data-element_type=\"widget\" data-e-type=\"widget\" data-widget_type=\"text-editor.default\">\n\t\t\t\t<div class=\"elementor-widget-container\">\n\t\t\t\t\t\t\t\t\t<ul><li>Copia de documento nacional de identificaci\u00f3n (DNI) o copia de certificaci\u00f3n de acta de nacimiento de los designados.<\/li><\/ul>\t\t\t\t\t\t\t\t<\/div>\n\t\t\t\t<\/div>\n\t\t\t\t\t<\/div>\n\t\t<\/div>\n\t\t\t\t\t<\/div>\n\t\t<\/section>\n\t\t\t\t\t<\/div>\n\t\t<\/div>\n\t\t\t\t\t<\/div>\n\t\t<\/section>\n\t\t\t\t<section class=\"has_eae_slider elementor-section elementor-top-section elementor-element elementor-element-17502b9e elementor-section-content-top elementor-section-boxed elementor-section-height-default elementor-section-height-default\" data-eae-slider=\"84881\" data-id=\"17502b9e\" data-element_type=\"section\" data-e-type=\"section\" data-settings=\"{&quot;background_background&quot;:&quot;classic&quot;,&quot;_ha_eqh_enable&quot;:false}\">\n\t\t\t\t\t\t<div class=\"elementor-container elementor-column-gap-default\">\n\t\t\t\t\t<div class=\"has_eae_slider elementor-column elementor-col-33 elementor-top-column elementor-element elementor-element-149a02cc\" data-eae-slider=\"34167\" data-id=\"149a02cc\" data-element_type=\"column\" data-e-type=\"column\" data-settings=\"{&quot;background_background&quot;:&quot;classic&quot;}\">\n\t\t\t<div class=\"elementor-widget-wrap elementor-element-populated\">\n\t\t\t\t\t\t<div class=\"elementor-element elementor-element-10d0ed82 elementor-widget elementor-widget-heading\" data-id=\"10d0ed82\" data-element_type=\"widget\" data-e-type=\"widget\" data-widget_type=\"heading.default\">\n\t\t\t\t<div class=\"elementor-widget-container\">\n\t\t\t\t\t<h2 class=\"elementor-heading-title elementor-size-default\">CONOCE LOS BENEFICIOS DE SER PARTE DEL INPREUNAH<\/h2>\t\t\t\t<\/div>\n\t\t\t\t<\/div>\n\t\t\t\t\t<\/div>\n\t\t<\/div>\n\t\t\t\t<div class=\"has_eae_slider elementor-column elementor-col-33 elementor-top-column elementor-element elementor-element-36493950\" data-eae-slider=\"62788\" data-id=\"36493950\" data-element_type=\"column\" data-e-type=\"column\">\n\t\t\t<div class=\"elementor-widget-wrap elementor-element-populated\">\n\t\t\t\t\t\t<div class=\"elementor-element elementor-element-7f68f53e elementor-widget elementor-widget-ha-member happy-addon ha-member\" data-id=\"7f68f53e\" data-element_type=\"widget\" data-e-type=\"widget\" data-widget_type=\"ha-member.default\">\n\t\t\t\t<div class=\"elementor-widget-container\">\n\t\t\t\t\t\n\t\t\t\t\t<figure class=\"ha-member-figure\">\n\t\t\t\t<img fetchpriority=\"high\" decoding=\"async\" width=\"1600\" height=\"1200\" src=\"https:\/\/inpreunah.hn\/inpreunah\/wp-content\/uploads\/2025\/03\/Pension-ordinaria-por-vejez-scaled.jpg\" class=\"elementor-animation-disable-animation attachment-full size-full wp-image-7988\" alt=\"\" srcset=\"https:\/\/inpreunah.hn\/inpreunah\/wp-content\/uploads\/2025\/03\/Pension-ordinaria-por-vejez-scaled.jpg 1600w, https:\/\/inpreunah.hn\/inpreunah\/wp-content\/uploads\/2025\/03\/Pension-ordinaria-por-vejez-300x225.jpg 300w, https:\/\/inpreunah.hn\/inpreunah\/wp-content\/uploads\/2025\/03\/Pension-ordinaria-por-vejez-1024x768.jpg 1024w, https:\/\/inpreunah.hn\/inpreunah\/wp-content\/uploads\/2025\/03\/Pension-ordinaria-por-vejez-768x576.jpg 768w, https:\/\/inpreunah.hn\/inpreunah\/wp-content\/uploads\/2025\/03\/Pension-ordinaria-por-vejez-1536x1152.jpg 1536w, https:\/\/inpreunah.hn\/inpreunah\/wp-content\/uploads\/2025\/03\/Pension-ordinaria-por-vejez-195x146.jpg 195w, https:\/\/inpreunah.hn\/inpreunah\/wp-content\/uploads\/2025\/03\/Pension-ordinaria-por-vejez-50x38.jpg 50w, https:\/\/inpreunah.hn\/inpreunah\/wp-content\/uploads\/2025\/03\/Pension-ordinaria-por-vejez-100x75.jpg 100w, https:\/\/inpreunah.hn\/inpreunah\/wp-content\/uploads\/2025\/03\/Pension-ordinaria-por-vejez-480x360.jpg 480w\" sizes=\"(max-width:767px) 480px, (max-width:1600px) 100vw, 1600px\" \/>\t\t\t<\/figure>\n\t\t\n\t\t<div class=\"ha-member-body\">\n\t\t\t<h2 class=\"ha-member-name\">Previsi\u00f3n Social<\/h2>\n\t\t\t\n\t\t\t\t\t\t\t<div class=\"ha-member-bio\">\n\t\t\t\t\t<p>La previsi\u00f3n social del INPREUNAH garantiza seguridad econ\u00f3mica a sus afiliados mediante pensiones y beneficios, asegurando una jubilaci\u00f3n digna para quienes han servido a la comunidad universitaria.<\/p>\n\t\t\t\t<\/div>\n\t\t\t\n\t\t\t\n\t\t\t\n\t\t\t\t\t\t\t<a class=\"ha-btn ha-btn--link ha-btn--icon-after\" href=\"https:\/\/inpreunah.hn\/inpreunah\/beneficios\/\"><span class=\"ha-btn-text\">Conocer m\u00e1s<\/span> <i class=\"ha-btn-icon hm hm-finger-hover-touch\" aria-hidden=\"true\"><\/i><\/a>\n\t\t\t\t\t\t<\/div>\n\t\t\t\t\t\t<\/div>\n\t\t\t\t<\/div>\n\t\t\t\t\t<\/div>\n\t\t<\/div>\n\t\t\t\t<div class=\"has_eae_slider elementor-column elementor-col-33 elementor-top-column elementor-element elementor-element-971b305\" data-eae-slider=\"59787\" data-id=\"971b305\" data-element_type=\"column\" data-e-type=\"column\">\n\t\t\t<div class=\"elementor-widget-wrap elementor-element-populated\">\n\t\t\t\t\t\t<div class=\"elementor-element elementor-element-1d30845f ha-has-bg-overlay elementor-widget elementor-widget-ha-member happy-addon ha-member\" data-id=\"1d30845f\" data-element_type=\"widget\" data-e-type=\"widget\" data-widget_type=\"ha-member.default\">\n\t\t\t\t<div class=\"elementor-widget-container\">\n\t\t\t\t\t\n\t\t\t\t\t<figure class=\"ha-member-figure\">\n\t\t\t\t<img decoding=\"async\" width=\"1920\" height=\"1440\" src=\"https:\/\/inpreunah.hn\/inpreunah\/wp-content\/uploads\/2023\/09\/Slider-1.png\" class=\"elementor-animation-disable-animation attachment-full size-full wp-image-3966\" alt=\"\" srcset=\"https:\/\/inpreunah.hn\/inpreunah\/wp-content\/uploads\/2023\/09\/Slider-1.png 1920w, https:\/\/inpreunah.hn\/inpreunah\/wp-content\/uploads\/2023\/09\/Slider-1-300x225.png 300w, https:\/\/inpreunah.hn\/inpreunah\/wp-content\/uploads\/2023\/09\/Slider-1-1024x768.png 1024w, https:\/\/inpreunah.hn\/inpreunah\/wp-content\/uploads\/2023\/09\/Slider-1-768x576.png 768w, https:\/\/inpreunah.hn\/inpreunah\/wp-content\/uploads\/2023\/09\/Slider-1-1536x1152.png 1536w, https:\/\/inpreunah.hn\/inpreunah\/wp-content\/uploads\/2023\/09\/Slider-1-195x146.png 195w, https:\/\/inpreunah.hn\/inpreunah\/wp-content\/uploads\/2023\/09\/Slider-1-50x38.png 50w, https:\/\/inpreunah.hn\/inpreunah\/wp-content\/uploads\/2023\/09\/Slider-1-100x75.png 100w, https:\/\/inpreunah.hn\/inpreunah\/wp-content\/uploads\/2023\/09\/Slider-1-480x360.png 480w\" sizes=\"(max-width:767px) 480px, (max-width:1920px) 100vw, 1920px\" \/>\t\t\t<\/figure>\n\t\t\n\t\t<div class=\"ha-member-body\">\n\t\t\t<h1 class=\"ha-member-name\">Pr\u00e9stamos<\/h1>\n\t\t\t\n\t\t\t\t\t\t\t<div class=\"ha-member-bio\">\n\t\t\t\t\t<p>Los pr\u00e9stamos forman parte de nuestro compromiso de brindar servicios integrales y de apoyo real a nuestros afiliados, reforzando nuestro rol como instituci\u00f3n previsional solidaria, responsable y humana,<\/p>\n\t\t\t\t<\/div>\n\t\t\t\n\t\t\t\n\t\t\t\n\t\t\t\t\t\t\t<a class=\"ha-btn ha-btn--link ha-btn--icon-after\" href=\"https:\/\/inpreunah.hn\/inpreunah\/prestamos\/\"><span class=\"ha-btn-text\">Conocer m\u00e1s<\/span> <i class=\"ha-btn-icon hm hm-finger-hover-touch\" aria-hidden=\"true\"><\/i><\/a>\n\t\t\t\t\t\t<\/div>\n\t\t\t\t\t\t<\/div>\n\t\t\t\t<\/div>\n\t\t\t\t\t<\/div>\n\t\t<\/div>\n\t\t\t\t\t<\/div>\n\t\t<\/section>\n\t\t\t\t<section class=\"has_eae_slider elementor-section elementor-top-section elementor-element elementor-element-1e8667e3 elementor-section-boxed elementor-section-height-default elementor-section-height-default\" data-eae-slider=\"57042\" data-id=\"1e8667e3\" data-element_type=\"section\" data-e-type=\"section\" data-settings=\"{&quot;background_background&quot;:&quot;classic&quot;,&quot;_ha_eqh_enable&quot;:false}\">\n\t\t\t\t\t\t<div class=\"elementor-container elementor-column-gap-default\">\n\t\t\t\t\t<div class=\"has_eae_slider elementor-column elementor-col-100 elementor-top-column elementor-element elementor-element-41846915\" data-eae-slider=\"85612\" data-id=\"41846915\" data-element_type=\"column\" data-e-type=\"column\">\n\t\t\t<div class=\"elementor-widget-wrap elementor-element-populated\">\n\t\t\t\t\t\t<div class=\"elementor-element elementor-element-1f5fdeca elementor-widget elementor-widget-heading\" data-id=\"1f5fdeca\" data-element_type=\"widget\" data-e-type=\"widget\" data-widget_type=\"heading.default\">\n\t\t\t\t<div class=\"elementor-widget-container\">\n\t\t\t\t\t<h2 class=\"elementor-heading-title elementor-size-default\">CONT\u00c1CTANOS<\/h2>\t\t\t\t<\/div>\n\t\t\t\t<\/div>\n\t\t\t\t<div class=\"elementor-element elementor-element-103d1dfe elementor-widget elementor-widget-text-editor\" data-id=\"103d1dfe\" data-element_type=\"widget\" data-e-type=\"widget\" data-widget_type=\"text-editor.default\">\n\t\t\t\t<div class=\"elementor-widget-container\">\n\t\t\t\t\t\t\t\t\t<p><strong>\u00bfListo para Asegurar tu Futuro?<\/strong> Cont\u00e1ctanos ahora y descubre c\u00f3mo INPREUNAH puede ayudarte.<\/p>\t\t\t\t\t\t\t\t<\/div>\n\t\t\t\t<\/div>\n\t\t\t\t<div class=\"elementor-element elementor-element-5f6bb746 elementor-align-center elementor-button-info elementor-widget elementor-widget-button\" data-id=\"5f6bb746\" data-element_type=\"widget\" data-e-type=\"widget\" data-widget_type=\"button.default\">\n\t\t\t\t<div class=\"elementor-widget-container\">\n\t\t\t\t\t\t\t\t\t<div class=\"elementor-button-wrapper\">\n\t\t\t\t\t<a class=\"elementor-button elementor-button-link elementor-size-lg\" href=\"https:\/\/inpreunah.hn\/inpreunah\/contacto\/\" target=\"_blank\">\n\t\t\t\t\t\t<span class=\"elementor-button-content-wrapper\">\n\t\t\t\t\t\t<span class=\"elementor-button-icon\">\n\t\t\t\t<i aria-hidden=\"true\" class=\"fas fa-arrow-right\"><\/i>\t\t\t<\/span>\n\t\t\t\t\t\t\t\t\t<span class=\"elementor-button-text\">Comun\u00edcate con nosotros<\/span>\n\t\t\t\t\t<\/span>\n\t\t\t\t\t<\/a>\n\t\t\t\t<\/div>\n\t\t\t\t\t\t\t\t<\/div>\n\t\t\t\t<\/div>\n\t\t\t\t\t<\/div>\n\t\t<\/div>\n\t\t\t\t\t<\/div>\n\t\t<\/section>\n\t\t\t\t<\/div>\n\t\t","protected":false},"excerpt":{"rendered":"<p>Solicitud de Afiliaci\u00f3n El Instituto de Previsi\u00f3n Social de los Empleados de la Universidad Nacional Aut\u00f3noma de Honduras (INPREUNAH) insta a sus participantes activos y pensionados<span class=\"excerpt-hellip\"> [\u2026]<\/span><\/p>\n","protected":false},"author":6,"featured_media":0,"parent":0,"menu_order":0,"comment_status":"open","ping_status":"closed","template":"elementor_header_footer","meta":{"footnotes":""},"class_list":["post-2279","page","type-page","status-publish","hentry"],"_links":{"self":[{"href":"https:\/\/inpreunah.hn\/inpreunah\/wp-json\/wp\/v2\/pages\/2279","targetHints":{"allow":["GET"]}}],"collection":[{"href":"https:\/\/inpreunah.hn\/inpreunah\/wp-json\/wp\/v2\/pages"}],"about":[{"href":"https:\/\/inpreunah.hn\/inpreunah\/wp-json\/wp\/v2\/types\/page"}],"author":[{"embeddable":true,"href":"https:\/\/inpreunah.hn\/inpreunah\/wp-json\/wp\/v2\/users\/6"}],"replies":[{"embeddable":true,"href":"https:\/\/inpreunah.hn\/inpreunah\/wp-json\/wp\/v2\/comments?post=2279"}],"version-history":[{"count":101,"href":"https:\/\/inpreunah.hn\/inpreunah\/wp-json\/wp\/v2\/pages\/2279\/revisions"}],"predecessor-version":[{"id":8503,"href":"https:\/\/inpreunah.hn\/inpreunah\/wp-json\/wp\/v2\/pages\/2279\/revisions\/8503"}],"wp:attachment":[{"href":"https:\/\/inpreunah.hn\/inpreunah\/wp-json\/wp\/v2\/media?parent=2279"}],"curies":[{"name":"wp","href":"https:\/\/api.w.org\/{rel}","templated":true}]}}